{"id":15,"date":"2023-02-15T12:53:19","date_gmt":"2023-02-15T17:53:19","guid":{"rendered":"https:\/\/saraortizm.com\/?page_id=15"},"modified":"2025-09-05T08:19:39","modified_gmt":"2025-09-05T13:19:39","slug":"disenadora-artista","status":"publish","type":"page","link":"https:\/\/saraortizm.com\/","title":{"rendered":"Dise\u00f1adora &#038; Artista"},"content":{"rendered":"<h2 style=\"font-style:italic;font-weight:400;\" class=\"has-text-align-center wp-block-post-title has-large-font-size\">Dise\u00f1adora &#038; Artista<\/h2>\n\n\n<p class=\"has-text-align-center has-montserrat-font-family has-small-font-size\" style=\"font-style:normal;font-weight:300\">Dise\u00f1adora de joyas, artista textil y amante de la artesan\u00eda. El arte y la artesan\u00eda se robaron mi coraz\u00f3n cuando, a trav\u00e9s del dise\u00f1o, descubr\u00ed el poder comunicativo e identitario que albergan los oficios art\u00edsticos.<\/p>\n\n\n\n<div style=\"height:30px\" aria-hidden=\"true\" class=\"wp-block-spacer\"><\/div>\n\n\n\n<div class=\"wp-block-query alignwide is-layout-flow wp-block-query-is-layout-flow\"><ul class=\"columns-4 wp-block-post-template is-layout-grid wp-container-core-post-template-is-layout-e7fd85f5 wp-block-post-template-is-layout-grid\"><li class=\"wp-block-post post-323 post type-post status-publish format-standard has-post-thumbnail hentry category-joyeria category-arte-textil tag-arte-textil tag-artesania tag-diseno-de-joyeria tag-joyeria-contemporanea tag-proyecto-universitario tag-tejeduria tag-telar-de-bajo-lizo\">\n<figure class=\"wp-block-post-featured-image\"><a href=\"https:\/\/saraortizm.com\/index.php\/2024\/11\/01\/todo-lo-que-brilla-es-oro\/\" target=\"_self\"  ><img fetchpriority=\"high\" decoding=\"async\" width=\"750\" height=\"1000\" src=\"https:\/\/saraortizm.com\/wp-content\/uploads\/2024\/11\/Portada.jpg\" class=\"attachment-post-thumbnail size-post-thumbnail wp-post-image\" alt=\"TODO LO QUE BRILLA ES ORO\" style=\"object-fit:cover;\" srcset=\"https:\/\/saraortizm.com\/wp-content\/uploads\/2024\/11\/Portada.jpg 750w, https:\/\/saraortizm.com\/wp-content\/uploads\/2024\/11\/Portada-225x300.jpg 225w\" sizes=\"(max-width: 750px) 100vw, 750px\" \/><\/a><\/figure>\n\n<h2 class=\"wp-block-post-title has-small-font-size\"><a href=\"https:\/\/saraortizm.com\/index.php\/2024\/11\/01\/todo-lo-que-brilla-es-oro\/\" target=\"_self\" >TODO LO QUE BRILLA ES ORO<\/a><\/h2>\n<\/li><li class=\"wp-block-post post-18 post type-post status-publish format-standard has-post-thumbnail hentry category-joyeria tag-diseno-de-joyas tag-diseno-de-joyeria tag-joyeria tag-joyeria-inter\">\n<figure class=\"wp-block-post-featured-image\"><a href=\"https:\/\/saraortizm.com\/index.php\/2023\/02\/19\/joyeria-inter\/\" target=\"_self\"  ><img decoding=\"async\" width=\"750\" height=\"1000\" src=\"https:\/\/saraortizm.com\/wp-content\/uploads\/2023\/02\/Portada.jpg\" class=\"attachment-post-thumbnail size-post-thumbnail wp-post-image\" alt=\"JOYER\u00cdA INTER\" style=\"object-fit:cover;\" srcset=\"https:\/\/saraortizm.com\/wp-content\/uploads\/2023\/02\/Portada.jpg 750w, https:\/\/saraortizm.com\/wp-content\/uploads\/2023\/02\/Portada-225x300.jpg 225w\" sizes=\"(max-width: 750px) 100vw, 750px\" \/><\/a><\/figure>\n\n<h2 class=\"wp-block-post-title has-small-font-size\"><a href=\"https:\/\/saraortizm.com\/index.php\/2023\/02\/19\/joyeria-inter\/\" target=\"_self\" >JOYER\u00cdA INTER<\/a><\/h2>\n<\/li><li class=\"wp-block-post post-97 post type-post status-publish format-standard has-post-thumbnail hentry category-arte-textil tag-bordado tag-bordado-a-mano tag-colombia-rtw tag-datatrooper tag-piet-mondrian tag-place-de-la-concorde\">\n<figure class=\"wp-block-post-featured-image\"><a href=\"https:\/\/saraortizm.com\/index.php\/2022\/11\/01\/reinterpretaciones\/\" target=\"_self\"  ><img decoding=\"async\" width=\"750\" height=\"1000\" src=\"https:\/\/saraortizm.com\/wp-content\/uploads\/2023\/03\/2-2.jpg\" class=\"attachment-post-thumbnail size-post-thumbnail wp-post-image\" alt=\"REINTERPRETACIONES\" style=\"object-fit:cover;\" srcset=\"https:\/\/saraortizm.com\/wp-content\/uploads\/2023\/03\/2-2.jpg 750w, https:\/\/saraortizm.com\/wp-content\/uploads\/2023\/03\/2-2-225x300.jpg 225w\" sizes=\"(max-width: 750px) 100vw, 750px\" \/><\/a><\/figure>\n\n<h2 class=\"wp-block-post-title has-small-font-size\"><a href=\"https:\/\/saraortizm.com\/index.php\/2022\/11\/01\/reinterpretaciones\/\" target=\"_self\" >REINTERPRETACIONES<\/a><\/h2>\n<\/li><li class=\"wp-block-post post-81 post type-post status-publish format-standard has-post-thumbnail hentry category-arte-textil tag-antropozomorfo tag-bogota tag-bordado tag-museo-del-oro tag-oro\">\n<figure class=\"wp-block-post-featured-image\"><a href=\"https:\/\/saraortizm.com\/index.php\/2022\/05\/19\/de-puro-oro\/\" target=\"_self\"  ><img loading=\"lazy\" decoding=\"async\" width=\"750\" height=\"1000\" src=\"https:\/\/saraortizm.com\/wp-content\/uploads\/2023\/03\/5-3.jpg\" class=\"attachment-post-thumbnail size-post-thumbnail wp-post-image\" alt=\"DE PURO ORO\" style=\"object-fit:cover;\" srcset=\"https:\/\/saraortizm.com\/wp-content\/uploads\/2023\/03\/5-3.jpg 750w, https:\/\/saraortizm.com\/wp-content\/uploads\/2023\/03\/5-3-225x300.jpg 225w\" sizes=\"(max-width: 750px) 100vw, 750px\" \/><\/a><\/figure>\n\n<h2 class=\"wp-block-post-title has-small-font-size\"><a href=\"https:\/\/saraortizm.com\/index.php\/2022\/05\/19\/de-puro-oro\/\" target=\"_self\" >DE PURO ORO<\/a><\/h2>\n<\/li><li class=\"wp-block-post post-123 post type-post status-publish format-standard has-post-thumbnail hentry category-joyeria tag-artesania tag-filigrana tag-joyeria tag-santa-fe-de-antioquia\">\n<figure class=\"wp-block-post-featured-image\"><a href=\"https:\/\/saraortizm.com\/index.php\/2021\/05\/25\/filigrana\/\" target=\"_self\"  ><img loading=\"lazy\" decoding=\"async\" width=\"750\" height=\"1000\" src=\"https:\/\/saraortizm.com\/wp-content\/uploads\/2023\/03\/7.jpg\" class=\"attachment-post-thumbnail size-post-thumbnail wp-post-image\" alt=\"FILIGRANA\" style=\"object-fit:cover;\" srcset=\"https:\/\/saraortizm.com\/wp-content\/uploads\/2023\/03\/7.jpg 750w, https:\/\/saraortizm.com\/wp-content\/uploads\/2023\/03\/7-225x300.jpg 225w\" sizes=\"(max-width: 750px) 100vw, 750px\" \/><\/a><\/figure>\n\n<h2 class=\"wp-block-post-title has-small-font-size\"><a href=\"https:\/\/saraortizm.com\/index.php\/2021\/05\/25\/filigrana\/\" target=\"_self\" >FILIGRANA<\/a><\/h2>\n<\/li><li class=\"wp-block-post post-135 post type-post status-publish format-standard has-post-thumbnail hentry category-arte-textil tag-bordado tag-fotografias\">\n<figure class=\"wp-block-post-featured-image\"><a href=\"https:\/\/saraortizm.com\/index.php\/2021\/05\/18\/fotografias\/\" target=\"_self\"  ><img loading=\"lazy\" decoding=\"async\" width=\"750\" height=\"1000\" src=\"https:\/\/saraortizm.com\/wp-content\/uploads\/2023\/03\/2-4.jpg\" class=\"attachment-post-thumbnail size-post-thumbnail wp-post-image\" alt=\"FOTOGRAF\u00cdAS\" style=\"object-fit:cover;\" srcset=\"https:\/\/saraortizm.com\/wp-content\/uploads\/2023\/03\/2-4.jpg 750w, https:\/\/saraortizm.com\/wp-content\/uploads\/2023\/03\/2-4-225x300.jpg 225w\" sizes=\"(max-width: 750px) 100vw, 750px\" \/><\/a><\/figure>\n\n<h2 class=\"wp-block-post-title has-small-font-size\"><a href=\"https:\/\/saraortizm.com\/index.php\/2021\/05\/18\/fotografias\/\" target=\"_self\" >FOTOGRAF\u00cdAS<\/a><\/h2>\n<\/li><li class=\"wp-block-post post-180 post type-post status-publish format-standard has-post-thumbnail hentry category-arte-textil tag-barrio tag-bordado tag-laureles tag-mapa tag-medellin tag-vista-aerea\">\n<figure class=\"wp-block-post-featured-image\"><a href=\"https:\/\/saraortizm.com\/index.php\/2020\/11\/20\/laureles-vista-aerea\/\" target=\"_self\"  ><img loading=\"lazy\" decoding=\"async\" width=\"750\" height=\"1000\" src=\"https:\/\/saraortizm.com\/wp-content\/uploads\/2020\/11\/Portada.jpg\" class=\"attachment-post-thumbnail size-post-thumbnail wp-post-image\" alt=\"LAURELES: VISTA A\u00c9REA\" style=\"object-fit:cover;\" srcset=\"https:\/\/saraortizm.com\/wp-content\/uploads\/2020\/11\/Portada.jpg 750w, https:\/\/saraortizm.com\/wp-content\/uploads\/2020\/11\/Portada-225x300.jpg 225w\" sizes=\"(max-width: 750px) 100vw, 750px\" \/><\/a><\/figure>\n\n<h2 class=\"wp-block-post-title has-small-font-size\"><a href=\"https:\/\/saraortizm.com\/index.php\/2020\/11\/20\/laureles-vista-aerea\/\" target=\"_self\" >LAURELES: VISTA A\u00c9REA<\/a><\/h2>\n<\/li><li class=\"wp-block-post post-145 post type-post status-publish format-standard has-post-thumbnail hentry category-joyeria tag-identidad tag-joyeria tag-medellin tag-proyecto-universitario\">\n<figure class=\"wp-block-post-featured-image\"><a href=\"https:\/\/saraortizm.com\/index.php\/2017\/06\/01\/identidad-medellin\/\" target=\"_self\"  ><img loading=\"lazy\" decoding=\"async\" width=\"750\" height=\"1000\" src=\"https:\/\/saraortizm.com\/wp-content\/uploads\/2017\/06\/Portada.jpg\" class=\"attachment-post-thumbnail size-post-thumbnail wp-post-image\" alt=\"IDENTIDAD MEDELL\u00cdN\" style=\"object-fit:cover;\" srcset=\"https:\/\/saraortizm.com\/wp-content\/uploads\/2017\/06\/Portada.jpg 750w, https:\/\/saraortizm.com\/wp-content\/uploads\/2017\/06\/Portada-225x300.jpg 225w\" sizes=\"(max-width: 750px) 100vw, 750px\" \/><\/a><\/figure>\n\n<h2 class=\"wp-block-post-title has-small-font-size\"><a href=\"https:\/\/saraortizm.com\/index.php\/2017\/06\/01\/identidad-medellin\/\" target=\"_self\" >IDENTIDAD MEDELL\u00cdN<\/a><\/h2>\n<\/li><\/ul><\/div>\n\n\n\n<div style=\"height:50px\" aria-hidden=\"true\" class=\"wp-block-spacer\"><\/div>\n","protected":false},"excerpt":{"rendered":"<p>Dise\u00f1adora de joyas, artista textil y amante de la artesan\u00eda. El arte y la artesan\u00eda se robaron mi coraz\u00f3n cuando, a trav\u00e9s del dise\u00f1o, descubr\u00ed el poder comunicativo e identitario que albergan los oficios art\u00edsticos.<\/p>\n","protected":false},"author":1,"featured_media":0,"parent":0,"menu_order":0,"comment_status":"closed","ping_status":"closed","template":"elementor_theme","meta":{"footnotes":""},"class_list":["post-15","page","type-page","status-publish","hentry"],"_links":{"self":[{"href":"https:\/\/saraortizm.com\/index.php\/wp-json\/wp\/v2\/pages\/15","targetHints":{"allow":["GET"]}}],"collection":[{"href":"https:\/\/saraortizm.com\/index.php\/wp-json\/wp\/v2\/pages"}],"about":[{"href":"https:\/\/saraortizm.com\/index.php\/wp-json\/wp\/v2\/types\/page"}],"author":[{"embeddable":true,"href":"https:\/\/saraortizm.com\/index.php\/wp-json\/wp\/v2\/users\/1"}],"replies":[{"embeddable":true,"href":"https:\/\/saraortizm.com\/index.php\/wp-json\/wp\/v2\/comments?post=15"}],"version-history":[{"count":23,"href":"https:\/\/saraortizm.com\/index.php\/wp-json\/wp\/v2\/pages\/15\/revisions"}],"predecessor-version":[{"id":388,"href":"https:\/\/saraortizm.com\/index.php\/wp-json\/wp\/v2\/pages\/15\/revisions\/388"}],"wp:attachment":[{"href":"https:\/\/saraortizm.com\/index.php\/wp-json\/wp\/v2\/media?parent=15"}],"curies":[{"name":"wp","href":"https:\/\/api.w.org\/{rel}","templated":true}]}}